 198432?
1
What is the millions digit of 5713345?
5
What is the units digit of 8930234?
4
What is the hundreds digit of 76909?
9
What is the ten millions digit of 10874643?
1
What is the ten thousands digit of 22638100?
3
What is the ten thousands digit of 88583?
8
What is the thousands digit of 232193?
2
What is the thousands digit of 2110646?
0
What is the hundreds digit of 267841?
8
What is the thousands digit of 2252112?
2
What is the hundreds digit of 24097928?
9
What is the units digit of 379081?
1
What is the thousands digit of 6664560?
4
What is the hundreds digit of 366943?
9
What is the tens digit of 292464?
6
What is the millions digit of 3825234?
3
What is the hundreds digit of 3579272?
2
What is the hundred thousands digit of 1886886?
8
What is the hundred thousands digit of 798500?
7
What is the ten thousands digit of 662680?
6
What is the tens digit of 4371222?
2
What is the units digit of 890629?
9
What is the units digit of 1187595?
5
What is the millions digit of 4527196?
4
What is the millions digit of 1132547?
1
What is the tens digit of 1023331?
3
What is the hundreds digit of 207897?
8
What is the hundred thousands digit of 134943?
1
What is the tens digit of 3003042?
4
What is the hundred thousands digit of 343165?
3
What is the hundreds digit of 757309?
3
What is the units digit of 308589?
9
What is the units digit of 15406006?
6
What is the thousands digit of 4300526?
0
What is the ten thousands digit of 31677324?
7
What is the hundred thousands digit of 1220589?
2
What is the thousands digit of 161462?
1
What is the ten thousands digit of 465722?
6
What is the units digit of 855608?
8
What is the ten thousands digit of 422916?
2
What is the hundreds digit of 824249?
2
What is the hundred thousands digit of 464917?
4
What is the thousands digit of 125875?
5
What is the thousands digit of 662467?
2
What is the units digit of 528807?
7
What is the hundreds digit of 112682?
6
What is the tens digit of 434718?
1
What is the hundreds digit of 2347097?
0
What is the tens digit of 787131?
3
What is the hundreds digit of 2363433?
4
What is the millions digit of 1207940?
1
What is the thousands digit of 2204464?
4
What is the ten millions digit of 11112386?
1
What is the hundreds digit of 144713?
7
What is the hundreds digit of 770072?
0
What is the units digit of 304201?
1
What is the hundreds digit of 8906338?
3
What is the thousands digit of 32528182?
8
What is the millions digit of 1283215?
1
What is the tens digit of 34937546?
4
What is the thousands digit of 8924079?
4
What is the thousands digit of 732106?
2
What is the ten thousands digit of 71157?
7
What is the tens digit of 509661?
6
What is the millions digit of 2526409?
2
What is the ten thousands digit of 17819353?
1
What is the millions digit of 22334185?
2
What is the units digit of 6615040?
0
What is the tens digit of 67254?
5
What is the hundreds digit of 3460310?
3
What is the hundreds digit of 46790?
7
What is the hundred thousands digit of 8889355?
8
What is the tens digit of 609619?
1
What is the thousands digit of 3283984?
3
What is the hundred thousands digit of 8440011?
4
What is the tens digit of 110499?
9
What is the units digit of 132723?
3
What is the hundred thousands digit of 2482188?
4
What is the units digit of 45277?
7
What is the ten thousands digit of 3497288?
9
What is the millions digit of 4937340?
4
What is the ten thousands digit of 21731?
2
What is the units digit of 2130306?
6
What is the ten thousands digit of 34938448?
3
What is the hundreds digit of 258424?
4
What is the units digit of 88366?
6
What is the ten thousands digit of 3026300?
2
What is the ten millions digit of 30522905?
3
What is the ten thousands digit of 2900872?
0
What is the tens digit of 555492?
9
What is the tens digit of 1465017?
1
What is the tens digit of 258747?
4
What is the tens digit of 1764405?
0
What is the ten thousands digit of 867062?
6
What is the thousands digit of 251416?
1
What is the tens digit of 1074?
7
What is the tens digit of 1375048?
4
What is the ten thousands digit of 187653?
8
What is the hundred thousands digit of 2272294?
2
What is the hundreds digit of 324623?
6
What is the hundred thousands digit of 459082?
4
What is the units digit of 3833?
3
What is the hundreds digit of 315964?
9
What is the hundred thousands digit of 1905320?
9
What is the ten thousands digit of 168797?
6
What is the tens digit of 420267?
6
What is the tens digit of 48?
4
What is the millions digit of 4398725?
4
What is the units digit of 28654629?
9
What is the units digit of 3533874?
4
What is the tens digit of 19940?
4
What is the thousands digit of 5604741?
4
What is the ten thousands digit of 350465?
5
What is the hundreds digit of 6464471?
4
What is the ten thousands digit of 239763?
3
What is the millions digit of 11092872?
1
What is the units digit of 941513?
3
What is the tens digit of 2402015?
1
What is the thousands digit of 725391?
5
What is the millions digit of 2647739?
2
What is the tens digit of 509015?
1
What is the tens digit of 192530?
3
What is the units digit of 13617435?
5
What is the thousands digit of 3988993?
8
What is the thousands digit of 2471900?
1
What is the hundred thousands digit of 14905580?
9
What is the ten thousands digit of 228407?
2
What is the hundred thousands digit of 197600?
1
What is the millions digit of 3868978?
3
What is the hundreds digit of 2331672?
6
What is the hundreds digit of 132942?
9
What is the thousands digit of 8266589?
6
What is the millions digit of 7391351?
7
What is the hundreds digit of 478850?
8
What is the thousands digit of 558129?
8
What is the tens digit of 20570500?
0
What is the thousands digit of 2747573?
7
What is the millions digit of 5219499?
5
What is the ten thousands digit of 1303753?
0
What is the units digit of 343529?
9
What is the thousands digit of 9951221?
1
What is the ten thousands digit of 756504?
5
What is the hundred thousands digit of 241623?
2
What is the hundred thousands digit of 100612?
1
What is the ten thousands digit of 18394?
1
What is the hundred thousands digit of 495213?
4
What is the thousands digit of 845613?
5
What is the hundreds digit of 130737?
7
What is the tens digit of 89488?
8
What is the hundreds digit of 12014818?
8
What is the ten thousands digit of 287788?
8
What is the ten thousands digit of 413764?
1
What is the hundreds digit of 527974?
9
What is the ten thousands digit of 2414818?
1
What is the ten thousands digit of 294408?
9
What is the thousands digit of 185020?
5
What is the thousands digit of 41385784?
5
What is the tens digit of 725941?
4
What is the tens digit of 215662?
6
What is the units digit of 12457600?
0
What is the tens digit of 9368682?
8
What is the hundred thousands digit of 5081267?
0
What is the units digit of 26197192?
2
What is the ten thousands digit of 12822055?
2
What is the ten millions digit of 10085133?
1
What is the units digit of 2305193?
3
What is the units digit of 446271?
1
What is the units digit of 3555411?
1
What is the ten millions digit of 14246501?
1
What is the units digit of 16384485?
5
What is the hundred thousands digit of 440308?
4
What is the hundreds digit of 73736?
7
What is the hundreds digit of 907082?
0
What is the thousands digit of 832516?
2
What is the hundreds digit of 1106126?
1
What is the thousands digit of 91870?
1
What is the hundreds digit of 24509281?
2
What is the hundreds digit of 12565884?
8
What is the hundreds digit of 206254?
2
What is the ten thousands digit of 5914575?
1
What is the tens digit of 5796403?
0
What is the tens digit of 120531?
3
What is the hundred thousands digit of 231496?
2
What is the hundred thousands digit of 302378?
3
What is the units digit of 137540?
0
What is the hundreds digit of 149755?
7
What is the hundred thousands digit of 6472706?
4
What is the thousands digit of 2137728?
7
What is the tens digit of 7524732?
3
What is the thousands digit of 324565?
4
What is the ten thousands digit of 5471756?
7
What is the thousands digit of 7169724?
9
What is the hundred thousands digit of 275268?
2
What is the thousands digit of 1413144?
3
What is the units digit of 2818936?
6
What is the hundreds digit of 62825?
8
What is the millions digit of 1728047?
1
What